{"id":762,"date":"2024-01-18T18:16:05","date_gmt":"2024-01-18T17:16:05","guid":{"rendered":"http:\/\/kancelariall.pl\/?page_id=762"},"modified":"2024-02-23T14:14:08","modified_gmt":"2024-02-23T13:14:08","slug":"cookies","status":"publish","type":"page","link":"https:\/\/kancelariall.pl\/index.php\/cookies\/","title":{"rendered":"Cookies"},"content":{"rendered":"\t\t<div data-elementor-type=\"wp-page\" data-elementor-id=\"762\" class=\"elementor elementor-762\" data-elementor-post-type=\"page\">\n\t\t\t\t\t\t<section class=\"elementor-section elementor-top-section elementor-element elementor-element-3d398a4 elementor-section-boxed elementor-section-height-default elementor-section-height-default\" data-id=\"3d398a4\" data-element_type=\"section\" data-e-type=\"section\" data-settings=\"{&quot;ekit_has_onepagescroll_dot&quot;:&quot;yes&quot;}\">\n\t\t\t\t\t\t<div class=\"elementor-container elementor-column-gap-default\">\n\t\t\t\t\t<div class=\"elementor-column elementor-col-100 elementor-top-column elementor-element elementor-element-40f4543\" data-id=\"40f4543\" data-element_type=\"column\" data-e-type=\"column\">\n\t\t\t<div class=\"elementor-widget-wrap elementor-element-populated\">\n\t\t\t\t\t\t<div class=\"elementor-element elementor-element-be1754a elementor-widget elementor-widget-heading\" data-id=\"be1754a\" data-element_type=\"widget\" data-e-type=\"widget\" data-settings=\"{&quot;ekit_we_effect_on&quot;:&quot;none&quot;}\" data-widget_type=\"heading.default\">\n\t\t\t\t<div class=\"elementor-widget-container\">\n\t\t\t\t\t<h2 class=\"elementor-heading-title elementor-size-default\">Cookies<\/h2>\t\t\t\t<\/div>\n\t\t\t\t<\/div>\n\t\t\t\t<div class=\"elementor-element elementor-element-deed0a8 elementor-widget elementor-widget-elementskit-breadcrumb\" data-id=\"deed0a8\" data-element_type=\"widget\" data-e-type=\"widget\" data-settings=\"{&quot;ekit_we_effect_on&quot;:&quot;none&quot;}\" data-widget_type=\"elementskit-breadcrumb.default\">\n\t\t\t\t<div class=\"elementor-widget-container\">\n\t\t\t\t\t<div class=\"ekit-wid-con\" ><ol class=\"ekit-breadcrumb\"><li class=\"ekit_breadcrumbs_start\"><a href=\"https:\/\/kancelariall.pl\">Home<\/a><\/li> <li class=\"brd_sep\"> &raquo; <\/li>  <li>Cookies<\/li><\/ol><\/div>\t\t\t\t<\/div>\n\t\t\t\t<\/div>\n\t\t\t\t<div class=\"elementor-element elementor-element-2ba3f8f elementor-widget elementor-widget-text-editor\" data-id=\"2ba3f8f\" data-element_type=\"widget\" data-e-type=\"widget\" data-settings=\"{&quot;ekit_we_effect_on&quot;:&quot;none&quot;}\" data-widget_type=\"text-editor.default\">\n\t\t\t\t<div class=\"elementor-widget-container\">\n\t\t\t\t\t\t\t\t\t<ol>\n<li>Wymagania techniczne i pliki cookies\n\n<ul type=\"disc\" style=\"margin-top: 1em;\">\n<li>Dla Korzystania ze strony konieczne jest posiadanie urz\u0105dzenia posiadaj\u0105cego dost\u0119p do sieci Internet i poprawnie skonfigurowanej przegl\u0105darki internetowej, np. Google Chrome, Mozilla Firefox, Microsoft Internet Explorer. Strona wykorzystuje pliki cookies (ciasteczka), czyli niewielkie informacje tekstowe przechowywane na urz\u0105dzeniu ko\u0144cowym (komputerze, telefonie, itd.) u\u017cytkownika.<\/li>\n<li>Pliki cookies s\u0142u\u017c\u0105 zapewnieniu prawid\u0142owego dzia\u0142ania Strony oraz celom statystycznym, np. badaniu popularno\u015bci poszczeg\u00f3lnych zak\u0142adek i us\u0142ug.<\/li>\n\n<li>U\u017cytkownik mo\u017ce uniemo\u017cliwi\u0107 przechowywanie plik\u00f3w cookies na swoim urz\u0105dzeniu ko\u0144cowym poprzez odpowiednie skonfigurowanie przegl\u0105darki internetowej.<\/li>\n\n<li>U\u017cytkownik mo\u017ce usun\u0105\u0107 ju\u017c przechowywane pliki cookies ze swojego urz\u0105dzenia ko\u0144cowego poprzez odpowiednie funkcje przegl\u0105darki lub inne oprogramowanie l aplikacje s\u0142u\u017c\u0105ce do tego celu.<\/li>\n\n<\/ul>\n\n\n<\/li>\n\n<li style=\"margin-top: 1em;\">Sposoby usuwania plik\u00f3w cookies w poszczeg\u00f3lnych wyszukiwarkach mo\u017cna znale\u017a\u0107 m. in. pod adresami:\n\n<ul type=\"disc\">\n<li style=\"margin-top: 1em;\">\n<strong>Google Chrome:<\/strong><br \/>\n<a target=\"_blank\" href=\"https:\/\/support.google.com\/chrome\/answer\/95647?hl=pl\">https:\/\/support.google.com\/chrome\/answer\/95647?hl=pl<\/a>\n<\/li>\n\n<li style=\"margin-top: 1em;\">\n<strong>Mozilla Firefox:<\/strong><br \/><a target=\"_blank\" href=\"https:\/\/support.mozilla.org\/pl\/kb\/usuwanie-ciasteczek-i-danych-stron-firefox?redirectslug=usuwanie-ciasteczek&#038;redirectlocale=pl\">https:\/\/support.mozilla.org\/pl\/kb\/usuwanie-ciasteczek-i-danych-stron-firefox?redirectslug=usuwanie-ciasteczek&#038;redirectlocale=pl<\/a>\n<\/li>\n\n<li style=\"margin-top: 1em;\"><strong>Microsoft Internet Explorer:<\/strong><br \/>\n<a target=\"_blank\" href=\"https:\/\/support.microsoft.com\/pl-pl\/topic\/jak-usun%C4%85%C4%87-pliki-cookie-w-programie-internet-explorer-bca9446f-d873-78de-77ba-d42645fa52fc\">https:\/\/support.microsoft.com\/pl-pl\/topic\/jak-usun%C4%85%C4%87-pliki-cookie-w-programie-internet-explorer-bca9446f-d873-78de-77ba-d42645fa52fc<\/a>\n<\/li>\n<\/ul>\n\n<\/li>\n\n<li style=\"margin-top: 1em;\">\nCookies s\u0105 bezpieczne dla urz\u0105dzenia u\u017cytkownika, w szczeg\u00f3lno\u015bci t\u0105 drog\u0105 nie jest mo\u017cliwe, przedostanie si\u0119 do urz\u0105dze\u0144 u\u017cytkownik\u00f3w wirus\u00f3w lub innego niechcianego oprogramowania, lub oprogramowania z\u0142o\u015bliwego. Pliki te pozwalaj\u0105 zidentyfikowa\u0107 oprogramowanie wykorzystywane przez u\u017cytkownika i dostosowa\u0107 serwis indywidualnie dla ka\u017cdego u\u017cytkownika. Cookies zazwyczaj zawieraj\u0105 nazw\u0119 domeny, z kt\u00f3rej pochodz\u0105, czas przechowywania ich na urz\u0105dzeniu oraz przypisan\u0105 warto\u015b\u0107.\n<\/li>\n\n<li style=\"margin-top: 1em;\">Typy plik\u00f3w cookies:\n\n<ul type=\"disc\">\n\n<li style=\"margin-top: 1em;\"><strong>cookies sesyjne:<\/strong> s\u0105 przechowywane na urz\u0105dzeniu u\u017cytkownika i pozostaj\u0105 tam do momentu zako\u0144czenia sesji danej przegl\u0105darki. Zapisane informacje s\u0105 w\u00f3wczas trwale usuwane z pami\u0119ci urz\u0105dzenia. Mechanizm cookies sesyjnych nie pozwala na pobieranie \u017cadnych danych osobowych ani \u017cadnych informacji poufnych z urz\u0105dzenia u\u017cytkownika;<\/li>\n\n<li><strong>cookies trwa\u0142e:<\/strong> s\u0105 przechowywane na urz\u0105dzeniu u\u017cytkownika i pozostaj\u0105 tam do momentu ich skasowania. Zako\u0144czenie sesji danej przegl\u0105darki lub wy\u0142\u0105czenie urz\u0105dzenia nie powoduje ich usuni\u0119cia z urz\u0105dzenia u\u017cytkownika. Mechanizm cookies trwa\u0142ych nie pozwala na pobieranie \u017cadnych danych osobowych ani \u017cadnych informacji poufnych z urz\u0105dzenia u\u017cytkownika; U\u017cytkownik ma mo\u017cliwo\u015b\u0107 ograniczenia lub wy\u0142\u0105czenia dost\u0119pu plik\u00f3w cookies do swojego urz\u0105dzenia. W przypadku skorzystania z tej opcji korzystanie ze serwisu b\u0119dzie mo\u017cliwe, poza funkcjami, kt\u00f3re ze swojej natury wymagaj\u0105 plik\u00f3w cookies. Zalecane jest stosowanie oprogramowania z w\u0142\u0105czon\u0105 obs\u0142ug\u0105 plik\u00f3w cookies.<\/li>\n\n<\/ul>\n\n<\/li>\n\n<li style=\"margin-top: 1em;\">Pliki cookies wykorzystujemy przede wszystkim w nast\u0119puj\u0105cych celach:\n\n<ul style=\"margin-top: 1em;\" type=\"disc\">\n\n<li>konfiguracji serwisu;<\/li>\n<li>rozpoznania urz\u0105dzenia u\u017cytkownika serwisu oraz jego lokalizacj\u0119 i odpowiednio wy\u015bwietlenia strony internetowej, dostosowanej do jego indywidualnych potrzeb;<\/li>\n<li>zapami\u0119tania historii odwiedzonych stron w serwisie w celu rekomendacji tre\u015bci;<\/li>\n<li>uwierzytelnianie u\u017cytkownika w serwisie i zapewnienia utrzymania sesji u\u017cytkownika w serwisie;<\/li>\n<li>poprawnej konfiguracji wybranych funkcji serwisu, umo\u017cliwiaj\u0105c w szczeg\u00f3lno\u015bci weryfikacj\u0119 autentyczno\u015bci sesji przegl\u0105darki \u2013 zapewnienie bezpiecze\u0144stwa i niezawodno\u015bci;<\/li>\n<li>optymalizacji i zwi\u0119kszenia wydajno\u015bci \u015bwiadczonych us\u0142ug;<\/li>\n<li>analiz i bada\u0144 ogl\u0105dalno\u015bci;<\/li>\n<\/ul>\n\n<\/li>\n<\/ol>\t\t\t\t\t\t\t\t<\/div>\n\t\t\t\t<\/div>\n\t\t\t\t\t<\/div>\n\t\t<\/div>\n\t\t\t\t\t<\/div>\n\t\t<\/section>\n\t\t\t\t<\/div>\n\t\t","protected":false},"excerpt":{"rendered":"<p>Cookies Home Wymagania techniczne i pliki cookies Dla Korzystania ze strony konieczne jest posiadanie urz\u0105dzenia posiadaj\u0105cego dost\u0119p do sieci Internet i poprawnie skonfigurowanej przegl\u0105darki internetowej, np. Google Chrome, Mozilla Firefox, Microsoft Internet Explorer. Strona wykorzystuje pliki cookies (ciasteczka), czyli niewielkie informacje tekstowe przechowywane na urz\u0105dzeniu ko\u0144cowym (komputerze, telefonie, itd.) u\u017cytkownika. Pliki cookies s\u0142u\u017c\u0105 zapewnieniu prawid\u0142owego [&hellip;]<\/p>\n","protected":false},"author":5,"featured_media":0,"parent":0,"menu_order":0,"comment_status":"closed","ping_status":"closed","template":"","meta":{"footnotes":""},"class_list":["post-762","page","type-page","status-publish","hentry"],"_links":{"self":[{"href":"https:\/\/kancelariall.pl\/index.php\/wp-json\/wp\/v2\/pages\/762","targetHints":{"allow":["GET"]}}],"collection":[{"href":"https:\/\/kancelariall.pl\/index.php\/wp-json\/wp\/v2\/pages"}],"about":[{"href":"https:\/\/kancelariall.pl\/index.php\/wp-json\/wp\/v2\/types\/page"}],"author":[{"embeddable":true,"href":"https:\/\/kancelariall.pl\/index.php\/wp-json\/wp\/v2\/users\/5"}],"replies":[{"embeddable":true,"href":"https:\/\/kancelariall.pl\/index.php\/wp-json\/wp\/v2\/comments?post=762"}],"version-history":[{"count":52,"href":"https:\/\/kancelariall.pl\/index.php\/wp-json\/wp\/v2\/pages\/762\/revisions"}],"predecessor-version":[{"id":1323,"href":"https:\/\/kancelariall.pl\/index.php\/wp-json\/wp\/v2\/pages\/762\/revisions\/1323"}],"wp:attachment":[{"href":"https:\/\/kancelariall.pl\/index.php\/wp-json\/wp\/v2\/media?parent=762"}],"curies":[{"name":"wp","href":"https:\/\/api.w.org\/{rel}","templated":true}]}}