{"id":463,"date":"2023-12-19T14:39:15","date_gmt":"2023-12-19T13:39:15","guid":{"rendered":"http:\/\/kancelariall.pl\/?page_id=463"},"modified":"2024-05-06T15:51:59","modified_gmt":"2024-05-06T13:51:59","slug":"polityka-prywatnosci-kancelaria-krystian-lasik","status":"publish","type":"page","link":"https:\/\/kancelariall.pl\/index.php\/polityka-prywatnosci-kancelaria-krystian-lasik\/","title":{"rendered":"Polityka prywatno\u015bci &#8211; Kancelaria Krystian Lasik"},"content":{"rendered":"\t\t<div data-elementor-type=\"wp-page\" data-elementor-id=\"463\" class=\"elementor elementor-463\" data-elementor-post-type=\"page\">\n\t\t\t\t\t\t<section class=\"elementor-section elementor-top-section elementor-element elementor-element-5c2be33 elementor-section-boxed elementor-section-height-default elementor-section-height-default\" data-id=\"5c2be33\" data-element_type=\"section\" data-e-type=\"section\" data-settings=\"{&quot;ekit_has_onepagescroll_dot&quot;:&quot;yes&quot;}\">\n\t\t\t\t\t\t<div class=\"elementor-container elementor-column-gap-default\">\n\t\t\t\t\t<div class=\"elementor-column elementor-col-100 elementor-top-column elementor-element elementor-element-0257c32\" data-id=\"0257c32\" data-element_type=\"column\" data-e-type=\"column\">\n\t\t\t<div class=\"elementor-widget-wrap elementor-element-populated\">\n\t\t\t\t\t\t<div class=\"elementor-element elementor-element-cfa8011 elementor-widget elementor-widget-elementskit-breadcrumb\" data-id=\"cfa8011\" data-element_type=\"widget\" data-e-type=\"widget\" data-settings=\"{&quot;ekit_we_effect_on&quot;:&quot;none&quot;}\" data-widget_type=\"elementskit-breadcrumb.default\">\n\t\t\t\t<div class=\"elementor-widget-container\">\n\t\t\t\t\t<div class=\"ekit-wid-con\" ><ol class=\"ekit-breadcrumb\"><li class=\"ekit_breadcrumbs_start\"><a href=\"https:\/\/kancelariall.pl\">Home<\/a><\/li><\/ol><\/div>\t\t\t\t<\/div>\n\t\t\t\t<\/div>\n\t\t\t\t<div class=\"elementor-element elementor-element-3765878 elementor-widget elementor-widget-text-editor\" data-id=\"3765878\" data-element_type=\"widget\" data-e-type=\"widget\" data-settings=\"{&quot;ekit_we_effect_on&quot;:&quot;none&quot;}\" data-widget_type=\"text-editor.default\">\n\t\t\t\t<div class=\"elementor-widget-container\">\n\t\t\t\t\t\t\t\t\t<p style=\"text-align: left;\"><b>KLAUZULA INFOMACYJNA<\/b><br \/><br \/><b>KANCELARII ADWOKACKIEJ KRYSTIAN LASIK<\/b><\/p><p>Zgodnie z\u00a0art. 13 ust. 1 i\u00a02 rozporz\u0105dzenia Parlamentu Europejskiego i\u00a0Rady (UE) 2016\/679 z\u00a0dnia 27 kwietnia 2016 r. w\u00a0sprawie ochrony os\u00f3b fizycznych w\u00a0zwi\u0105zku z\u00a0przetwarzaniem danych osobowych i\u00a0w\u00a0sprawie swobodnego przep\u0142ywu takich danych oraz uchylenia dyrektywy 95\/46\/WE (og\u00f3lne rozporz\u0105dzenie o\u00a0ochronie danych, dalej \u201e<strong>RODO<\/strong>\u201d), informuj\u0119, \u017ce:<\/p><ol style=\"padding-top: 1em;\"><li>Administratorem Pana\/Pani danych osobowych jest Krystian Lasik prowadz\u0105cy dzia\u0142alno\u015b\u0107 gospodarcz\u0105 pod firm\u0105 Kancelaria Adwokacka Krystian Lasik, ul. Nowy \u015awiat 35\/4, 00-029 Warszawa (dalej tak\u017ce <strong>\u201eAdministrator\u201d <\/strong>lub<strong> \u201eKancelaria\u201d<\/strong>). Kontakt z Administratorem, mo\u017cliwy jest listownie pod wskazanym wy\u017cej adresem, telefonicznie pod numerem 516-764-870 lub za po\u015brednictwem poczty elektronicznej e-mai: <a href=\"mailto:k.lasik@op.pl\">k.lasik@op.pl<\/a>.<\/li><li>Pana\/Pani dane osobowe b\u0119d\u0105 przetwarzane w celu realizacji zleconych przez Pana\/Pani\u0105 us\u0142ug prawnych. Podstaw\u0119 prawn\u0105 przetwarzania Pana\/Pani danych jest:<\/li><\/ol><ol style=\"padding-top: 1em;\"><li style=\"list-style-type: none;\"><ol type=\"a\"><li>art. 6 ust. 1 pkt a) RODO \u2013 w sytuacji, gdy osoba, kt\u00f3rej dane dotycz\u0105 wyrazi\u0142a zgod\u0119 na przetwarzanie swoich danych osobowych w jednym lub wi\u0119kszej liczbie okre\u015blonych cel\u00f3w \u2013 dotyczy to przede wszystkim zgody na udzielenie informacji oraz odpowiedzi na pytanie skierowane za po\u015brednictwem formularza kontaktowego,<\/li><li>art. 6 ust. 1 pkt b) RODO \u2013 w sytuacji, gdy przetwarzanie jest niezb\u0119dne do wykonania umowy, kt\u00f3rej stron\u0105 jest osoba, kt\u00f3rej dane dotycz\u0105, lub do podj\u0119cia dzia\u0142a\u0144 na \u017c\u0105danie osoby, kt\u00f3rej dane dotycz\u0105, przed zawarciem umowy,<\/li><li>art. 6 ust. 1 pkt c) RODO \u2013 w sytuacji, gdy przetwarzanie jest niezb\u0119dne do wype\u0142nienia obowi\u0105zku prawnego ci\u0105\u017c\u0105cego na Administratorze,<\/li><li>art. 6 ust. 1 pkt f) RODO \u2013 w sytuacji, gdy przetwarzanie jest niezb\u0119dne do cel\u00f3w wynikaj\u0105cych z prawnie uzasadnionych interes\u00f3w realizowanych przez Administratora, np. windykacji nieop\u0142aconych nale\u017cno\u015bci wzgl\u0119dem Kancelarii, a\u00a0tak\u017ce ustalenia oraz\u00a0dochodzenia roszcze\u0144 lub obrony przed\u00a0roszczeniami czy zapewnienia bezpiecze\u0144stwa informatycznego.<\/li><\/ol><\/li><li style=\"list-style-type: none;\">\u00a0<\/li><li style=\"padding-top: 1em;\">Pana\/Pani dane b\u0119d\u0105 przetwarzane nie d\u0142u\u017cej, ni\u017c jest to konieczne do kontaktu, wymiany korespondencji, w zwi\u0105zku z maj\u0105c zosta\u0107 podj\u0119t\u0105 lub powadzon\u0105 wsp\u00f3\u0142prac\u0105, a po tym czasie mog\u0105 by\u0107 przetwarzane przez okres przedawnienia ewentualnych roszcze\u0144 lub okres wynikaj\u0105cy z przepis\u00f3w prawa, kt\u00f3re mog\u0105 obligowa\u0107 Administratora do przetwarzania danych przez okre\u015blny czas, m.in. ustawy o rachunkowo\u015bci oraz prawa podatkowego.<\/li><li>Podanie przez Pana\/Pani\u0105 danych jest dobrowolne, ale konieczne do kontaktu, wymiany korespondencji czy ewentualnego nawi\u0105zania wsp\u00f3\u0142pracy.<\/li><li>Je\u017celi wyrazi\u0142 Pan\/Pani zgod\u0119 na przetwarzanie swoich danych osobowych w jednym lub wi\u0119kszej liczbie okre\u015blonych cel\u00f3w, ma Pan\/Pani prawo do jej cofni\u0119cia w dowolnym momencie bez wp\u0142ywu na zgodno\u015b\u0107 z prawem przetwarzania, kt\u00f3rego dokonano na podstawie zgody przed jej cofni\u0119ciem.<\/li><li>Posiada Pan\/Pani prawo:<br \/><ol style=\"text-align: left; padding-left: 0; padding-top: 1em;\"><li style=\"list-style-type: none;\"><ol type=\"a\"><li>dost\u0119pu do swoich danych osobowych,<\/li><li>sprostowania swoich danych osobowych,<\/li><li>usuni\u0119cia swoich danych osobowych,<\/li><li>ograniczenia przetwarzania swoich danych osobowych,<\/li><li>przenoszenia swoich danych osobowych,<\/li><li>wniesienia sprzeciwu wobec przetwarzania swoich danych osobowych z przyczyn zwi\u0105zanych z Pana\/Pani szczeg\u00f3ln\u0105 sytuacj\u0105, zgodnie z art. 21 RODO,<\/li><li>wycofania zgody w dowolnym momencie (w zakresie, w jakim podstaw\u0105 przetwarzania danych osobowych jest zgoda).<\/li><\/ol><\/li><\/ol><p><span style=\"margin-top: 1em; display: block; margin-bottom: 1em;\">Zakres ww. uprawnie\u0144 mo\u017ce si\u0119 r\u00f3\u017cni\u0107 w\u00a0zale\u017cno\u015bci od\u00a0przyczyn i\u00a0cel\u00f3w, dla kt\u00f3rych\u00a0Kancelaria przetwarza Pana\/Pani dane.<\/span><\/p><\/li><li>W przypadku uchybie\u0144 co do przetwarzania Pana\/Pani danych osobowych przys\u0142uguje Panu\/Pani prawo wniesienia skargi do Prezesa Urz\u0119du Ochrony Danych Osobowych (ul.\u00a0Stawki 2, 00-193 Warszawa).<\/li><li>Administrator przetwarza Pana\/Pani dane osobowe niezb\u0119dne do realizacji okre\u015blonego celu przetwarzania, w szczeg\u00f3lno\u015bci: imi\u0119, nazwisko, adres poczty elektronicznej, adres korespondencyjny, numer telefonu\/faxu, adres zamieszkania, NIP, REGON, PESEL, kt\u00f3re zosta\u0142y przekazane w trakcie prowadzonej przez Administratora dzia\u0142alno\u015bci.<\/li><li>Podanie danych w formularzu kontaktowym jest dobrowolne.<\/li><li>Wype\u0142nienie przez Pana\/Pani\u0105 formularza kontaktowego jest r\u00f3wnoznaczne z wyra\u017ceniem zgody przez Pana\/Pani\u0105 na przetwarzanie danych osobowych przez Administratora oraz potwierdzeniem zapoznania si\u0119 z niniejsz\u0105 Klauzul\u0105 Informacyjn\u0105.<\/li><li>Administrator nie udost\u0119pni Pana\/Pani danych osobowych w \u017caden inny spos\u00f3b, ni\u017c to wynika z celu przetwarzania oraz zakresu udzielonej zgody jakimkolwiek innym podmiotom trzecim bez podstawy prawnej nakazuj\u0105cej Administratorowi takie dzia\u0142anie.<\/li><li>Informacje zawarte w logach systemowych mog\u0105 zawiera\u0107 inne dane. Administrator wykorzystuje je wy\u0142\u0105cznie w celach technicznych oraz do zbierania og\u00f3lnych, statystycznych informacji. Dane powy\u017csze mog\u0105 by\u0107 udost\u0119pniane podmiotom upowa\u017cnionym na podstawie obowi\u0105zuj\u0105cych przepis\u00f3w prawa.<\/li><li>Administrator mo\u017ce wykorzystywa\u0107 cookies, czyli pliki tekstowe zapisywane na Pana\/Pani komputerze, identyfikuj\u0105ce Pana\/Pani\u0105 w spos\u00f3b potrzebny do umo\u017cliwienia niekt\u00f3rych operacji oraz zbieraj\u0105ce informacje u\u0142atwiaj\u0105ce korzystanie ze strony internetowej, m.in. przez zapami\u0119tywanie Pana\/Pani odwiedzin w serwisie internetowym. Warunkiem dzia\u0142ania cookies jest ich akceptacja przez przegl\u0105dark\u0119 oraz nieusuwanie ich z dysku.<\/li><li>Administrator stosuje analiz\u0119 statystyczn\u0105 ruchu na stronie kancelariall.pl, poprzez Google Analytics (Google Inc. z siedzib\u0105 w USA). Administrator nie przekazuje do operatora tej us\u0142ugi danych osobowych, a jedynie zanonimizowane informacje. Us\u0142uga bazuje na wykorzystaniu ciasteczek w urz\u0105dzeniu ko\u0144cowym u\u017cytkownika.<\/li><\/ol>\t\t\t\t\t\t\t\t<\/div>\n\t\t\t\t<\/div>\n\t\t\t\t\t<\/div>\n\t\t<\/div>\n\t\t\t\t\t<\/div>\n\t\t<\/section>\n\t\t\t\t<\/div>\n\t\t","protected":false},"excerpt":{"rendered":"<p>Home KLAUZULA INFOMACYJNA KANCELARII ADWOKACKIEJ KRYSTIAN LASIK Zgodnie z\u00a0art. 13 ust. 1 i\u00a02 rozporz\u0105dzenia Parlamentu Europejskiego i\u00a0Rady (UE) 2016\/679 z\u00a0dnia 27 kwietnia 2016 r. w\u00a0sprawie ochrony os\u00f3b fizycznych w\u00a0zwi\u0105zku z\u00a0przetwarzaniem danych osobowych i\u00a0w\u00a0sprawie swobodnego przep\u0142ywu takich danych oraz uchylenia dyrektywy 95\/46\/WE (og\u00f3lne rozporz\u0105dzenie o\u00a0ochronie danych, dalej \u201eRODO\u201d), informuj\u0119, \u017ce: Administratorem Pana\/Pani danych osobowych jest Krystian [&hellip;]<\/p>\n","protected":false},"author":5,"featured_media":0,"parent":0,"menu_order":0,"comment_status":"closed","ping_status":"closed","template":"","meta":{"footnotes":""},"class_list":["post-463","page","type-page","status-publish","hentry"],"_links":{"self":[{"href":"https:\/\/kancelariall.pl\/index.php\/wp-json\/wp\/v2\/pages\/463","targetHints":{"allow":["GET"]}}],"collection":[{"href":"https:\/\/kancelariall.pl\/index.php\/wp-json\/wp\/v2\/pages"}],"about":[{"href":"https:\/\/kancelariall.pl\/index.php\/wp-json\/wp\/v2\/types\/page"}],"author":[{"embeddable":true,"href":"https:\/\/kancelariall.pl\/index.php\/wp-json\/wp\/v2\/users\/5"}],"replies":[{"embeddable":true,"href":"https:\/\/kancelariall.pl\/index.php\/wp-json\/wp\/v2\/comments?post=463"}],"version-history":[{"count":73,"href":"https:\/\/kancelariall.pl\/index.php\/wp-json\/wp\/v2\/pages\/463\/revisions"}],"predecessor-version":[{"id":1355,"href":"https:\/\/kancelariall.pl\/index.php\/wp-json\/wp\/v2\/pages\/463\/revisions\/1355"}],"wp:attachment":[{"href":"https:\/\/kancelariall.pl\/index.php\/wp-json\/wp\/v2\/media?parent=463"}],"curies":[{"name":"wp","href":"https:\/\/api.w.org\/{rel}","templated":true}]}}